{"id":467,"date":"2021-05-07T22:56:11","date_gmt":"2021-05-07T22:56:11","guid":{"rendered":"https:\/\/cacben.com\/?page_id=467"},"modified":"2021-05-18T22:33:18","modified_gmt":"2021-05-18T22:33:18","slug":"services","status":"publish","type":"page","link":"https:\/\/cacben.com\/index.php\/services\/","title":{"rendered":"Services"},"content":{"rendered":"\n<figure class=\"wp-block-image size-thumbnail is-resized is-style-rounded\"><img loading=\"lazy\" decoding=\"async\" src=\"https:\/\/cacben.com\/wp-content\/uploads\/2021\/05\/tenue-150x150.png\" alt=\"\" class=\"wp-image-489\" width=\"141\" height=\"143\"\/><\/figure>\n\n\n\n<div class=\"wp-block-buttons is-layout-flex wp-block-buttons-is-layout-flex\">\n<div class=\"wp-block-button is-style-outline is-style-outline--1\"><a class=\"wp-block-button__link has-vivid-green-cyan-color has-light-green-cyan-to-vivid-green-cyan-gradient-background has-text-color has-background\" href=\"https:\/\/cacben.com\/index.php\/tenue-comptable\" style=\"border-radius:16px\"><span class=\"has-inline-color has-black-color\"><kbd><strong>tenue-comptable<\/strong><\/kbd><\/span><\/a><\/div>\n<\/div>\n\n\n\n<div class=\"wp-block-group alignwide\"><div class=\"wp-block-group__inner-container is-layout-flow wp-block-group-is-layout-flow\">\n<div class=\"wp-block-columns alignwide is-layout-flex wp-container-core-columns-is-layout-9d6595d7 wp-block-columns-is-layout-flex\">\n<div class=\"wp-block-column is-layout-flow wp-block-column-is-layout-flow\">\n<p>c\u2019est un service, relatif&nbsp; \u00e0 une v\u00e9rification bien pr\u00e9cise&#8230;<\/p>\n\n\n\n<div class=\"wp-block-buttons is-layout-flex wp-block-buttons-is-layout-flex\">\n<div class=\"wp-block-button is-style-outline is-style-outline--2\"><a class=\"wp-block-button__link has-vivid-green-cyan-color has-light-green-cyan-to-vivid-green-cyan-gradient-background has-text-color has-background\" href=\"https:\/\/cacben.com\/index.php\/audit-contractuel\" style=\"border-radius:16px\"><span class=\"has-inline-color has-black-color\"><kbd><strong>Audit contractuel<\/strong><\/kbd><\/span><\/a><\/div>\n<\/div>\n<\/div>\n\n\n\n<div class=\"wp-block-column is-layout-flow wp-block-column-is-layout-flow\">\n<figure class=\"wp-block-image size-large is-resized is-style-rounded\"><img loading=\"lazy\" decoding=\"async\" src=\"https:\/\/cacben.com\/wp-content\/uploads\/2021\/05\/unnamed.jpg\" alt=\"\" class=\"wp-image-492\" width=\"152\" height=\"79\" srcset=\"https:\/\/cacben.com\/wp-content\/uploads\/2021\/05\/unnamed.jpg 512w, https:\/\/cacben.com\/wp-content\/uploads\/2021\/05\/unnamed-300x156.jpg 300w\" sizes=\"auto, (max-width: 152px) 100vw, 152px\" \/><\/figure>\n\n\n\n<div class=\"wp-block-buttons is-layout-flex wp-block-buttons-is-layout-flex\">\n<div class=\"wp-block-button is-style-outline is-style-outline--3\"><a class=\"wp-block-button__link has-vivid-green-cyan-color has-light-green-cyan-to-vivid-green-cyan-gradient-background has-text-color has-background\" href=\"https:\/\/cacben.com\/index.php\/audit-legal\/\" style=\"border-radius:16px\"><span class=\"has-inline-color has-black-color\">Audit l\u00e9gal<\/span><\/a><\/div>\n<\/div>\n<\/div>\n\n\n\n<div class=\"wp-block-column is-layout-flow wp-block-column-is-layout-flow\">\n<p>Etudes pr\u00e9visionnelles<\/p>\n\n\n\n<div class=\"wp-block-buttons is-layout-flex wp-block-buttons-is-layout-flex\">\n<div class=\"wp-block-button is-style-outline is-style-outline--4\"><a class=\"wp-block-button__link has-vivid-green-cyan-color has-light-green-cyan-to-vivid-green-cyan-gradient-background has-text-color has-background\" href=\"https:\/\/cacben.com\/index.php\/etudes-previsionnelles\/\" style=\"border-radius:16px\"><span class=\"has-inline-color has-black-color\">Etudes pr\u00e9visionnelles<\/span><\/a><\/div>\n<\/div>\n<\/div>\n<\/div>\n<\/div><\/div>\n\n\n\n<p><\/p>\n<div id=\"themify_builder_content-467\" data-postid=\"467\" class=\"themify_builder_content themify_builder_content-467 themify_builder\">\n    <\/div>\n<!-- \/themify_builder_content -->\n","protected":false},"excerpt":{"rendered":"<p>c\u2019est un service, relatif&nbsp; \u00e0 une v\u00e9rification bien pr\u00e9cise&#8230; Etudes pr\u00e9visionnelles<\/p>\n","protected":false},"author":1,"featured_media":0,"parent":0,"menu_order":0,"comment_status":"closed","ping_status":"closed","template":"","meta":{"footnotes":""},"class_list":["post-467","page","type-page","status-publish","hentry","has-post-title","has-post-date","has-post-category","has-post-tag","has-post-comment","has-post-author",""],"builder_content":"","_links":{"self":[{"href":"https:\/\/cacben.com\/index.php\/wp-json\/wp\/v2\/pages\/467","targetHints":{"allow":["GET"]}}],"collection":[{"href":"https:\/\/cacben.com\/index.php\/wp-json\/wp\/v2\/pages"}],"about":[{"href":"https:\/\/cacben.com\/index.php\/wp-json\/wp\/v2\/types\/page"}],"author":[{"embeddable":true,"href":"https:\/\/cacben.com\/index.php\/wp-json\/wp\/v2\/users\/1"}],"replies":[{"embeddable":true,"href":"https:\/\/cacben.com\/index.php\/wp-json\/wp\/v2\/comments?post=467"}],"version-history":[{"count":15,"href":"https:\/\/cacben.com\/index.php\/wp-json\/wp\/v2\/pages\/467\/revisions"}],"predecessor-version":[{"id":558,"href":"https:\/\/cacben.com\/index.php\/wp-json\/wp\/v2\/pages\/467\/revisions\/558"}],"wp:attachment":[{"href":"https:\/\/cacben.com\/index.php\/wp-json\/wp\/v2\/media?parent=467"}],"curies":[{"name":"wp","href":"https:\/\/api.w.org\/{rel}","templated":true}]}}