{"id":554,"date":"2021-05-18T22:31:05","date_gmt":"2021-05-18T22:31:05","guid":{"rendered":"https:\/\/cacben.com\/?page_id=554"},"modified":"2021-05-18T22:31:06","modified_gmt":"2021-05-18T22:31:06","slug":"audit-contractuel","status":"publish","type":"page","link":"https:\/\/cacben.com\/index.php\/audit-contractuel\/","title":{"rendered":"Audit contractuel"},"content":{"rendered":"\n<p>c\u2019est un service, relatif\u00a0 \u00e0 une v\u00e9rification bien pr\u00e9cise, \u00e0 pour objet de donner un opinion ind\u00e9pendant que sa soit des constats, ou de recommandations, selon la demande du client.<\/p>\n<div id=\"themify_builder_content-554\" data-postid=\"554\" class=\"themify_builder_content themify_builder_content-554 themify_builder\">\n    <\/div>\n<!-- \/themify_builder_content -->\n","protected":false},"excerpt":{"rendered":"<p>c\u2019est un service, relatif\u00a0 \u00e0 une v\u00e9rification bien pr\u00e9cise, \u00e0 pour objet de donner un opinion ind\u00e9pendant que sa soit des constats, ou de recommandations, selon la demande du client.<\/p>\n","protected":false},"author":1,"featured_media":0,"parent":0,"menu_order":0,"comment_status":"closed","ping_status":"closed","template":"","meta":{"footnotes":""},"class_list":["post-554","page","type-page","status-publish","hentry","has-post-title","has-post-date","has-post-category","has-post-tag","has-post-comment","has-post-author",""],"builder_content":"","_links":{"self":[{"href":"https:\/\/cacben.com\/index.php\/wp-json\/wp\/v2\/pages\/554","targetHints":{"allow":["GET"]}}],"collection":[{"href":"https:\/\/cacben.com\/index.php\/wp-json\/wp\/v2\/pages"}],"about":[{"href":"https:\/\/cacben.com\/index.php\/wp-json\/wp\/v2\/types\/page"}],"author":[{"embeddable":true,"href":"https:\/\/cacben.com\/index.php\/wp-json\/wp\/v2\/users\/1"}],"replies":[{"embeddable":true,"href":"https:\/\/cacben.com\/index.php\/wp-json\/wp\/v2\/comments?post=554"}],"version-history":[{"count":1,"href":"https:\/\/cacben.com\/index.php\/wp-json\/wp\/v2\/pages\/554\/revisions"}],"predecessor-version":[{"id":555,"href":"https:\/\/cacben.com\/index.php\/wp-json\/wp\/v2\/pages\/554\/revisions\/555"}],"wp:attachment":[{"href":"https:\/\/cacben.com\/index.php\/wp-json\/wp\/v2\/media?parent=554"}],"curies":[{"name":"wp","href":"https:\/\/api.w.org\/{rel}","templated":true}]}}